
40201421
In base 8, what is 451451 - -1?
451452
In base 7, what is 2013 + 252?
2265
In base 9, what is 1544 - 15?
1528
In base 10, what is 30 + -257?
-227
In base 3, what is 110 + -1001202211?
-1001202101
In base 5, what is -23331 + 104?
-23222
In base 4, what is 110101222302 + -2?
110101222300
In base 10, what is 9421 + -13?
9408
In base 5, what is 341 - -24?
420
In base 4, what is -21030021 - 123?
-21030210
In base 4, what is -11 - -11302121?
11302110
In base 9, what is -16 - 35?
-52
In base 15, what is -4 + 27691d?
276919
In base 7, what is 651 - 10?
641
In base 16, what is -b - -21e6?
21db
In base 6, what is -21522 + -150?
-22112
In base 15, what is -13 - 7b06?
-7b19
In base 14, what is -41 - -1b0?
16d
In base 11, what is 2974a + -12?
29738
In base 14, what is 13c2 - -31?
1413
In base 13, what is 14 + 41a?
431
In base 8, what is -4375116 + -5?
-4375123
In base 16, what is 3bd + -1e?
39f
In base 2, what is -10000 - 11110110100001110?
-11110110100011110
In base 16, what is -6c4 + 1e6?
-4de
In base 14, what is -35440 - -3?
-3543b
In base 15, what is 194 + -9c6?
-832
In base 12, what is 302 - 30?
292
In base 14, what is 1 + -1a636d?
-1a636c
In base 4, what is -3 - -311323?
311320
In base 12, what is -465787 + -5?
-465790
In base 2, what is -1110000 - -110000101?
100010101
In base 6, what is -2544351 - -5?
-2544342
In base 12, what is -1 - -5b64?
5b63
In base 6, what is 3551 + 204?
4155
In base 16, what is -1897 - -55?
-1842
In base 10, what is -28620 - 3?
-28623
In base 8, what is -13 - -204353?
204340
In base 5, what is 14004304 + 43?
14004402
In base 10, what is 39107 + 27?
39134
In base 4, what is -120201003 - 221?
-120201230
In base 5, what is -102 + 10104?
10002
In base 3, what is 2222 + 1221220?
2001212
In base 3, what is 11 - 121200002?
-121122221
In base 3, what is -2101 - -10001101?
2222000
In base 6, what is 100 - 221?
-121
In base 12, what is -17 + 1b35?
1b1a
In base 3, what is -2 - -1002220211002?
1002220211000
In base 16, what is -1f58 + 13?
-1f45
In base 5, what is 3000 + 40143?
43143
In base 6, what is 15 - 5424?
-5405
In base 5, what is -11101003 - 4?
-11101012
In base 11, what is -5 - -227a8?
227a3
In base 2, what is 100100100010 + -101?
100100011101
In base 9, what is -8 - -8807?
8788
In base 15, what is -1 - -c5b1?
c5b0
In base 3, what is 1001220102 - -1?
1001220110
In base 4, what is 213 + -3002?
-2123
In base 9, what is 22 - -58574?
58606
In base 10, what is 3732 - -41?
3773
In base 9, what is -11 + 28234?
28223
In base 15, what is 1 - -8243?
8244
In base 7, what is -1465046 + 4?
-1465042
In base 13, what is 9a72 + -1?
9a71
In base 11, what is -268 + 140?
-128
In base 13, what is -a01 - 1201?
-1c02
In base 8, what is -33 - 357?
-412
In base 14, what is -959 + -a?
-965
In base 9, what is 1 + -61861?
-61860
In base 3, what is 20000021 - -12100?
20012121
In base 12, what is -2a + 22a5?
2277
In base 9, what is -13250 + 13?
-13236
In base 7, what is -2441 - -2564?
123
In base 16, what is 3bb36 - 3?
3bb33
In base 11, what is 5 - 3a26?
-3a21
In base 8, what is -123760 - 2?
-123762
In base 11, what is -65606 - -3?
-65603
In base 15, what is 4d + 8d?
db
In base 4, what is -110103010312 + -10?
-110103010322
In base 7, what is 4441062 + -4?
4441055
In base 10, what is -333043 - 5?
-333048
In base 2, what is 1010000011 - 111011?
1001001000
In base 13, what is 24b43 - 3?
24b40
In base 6, what is 1213414 + -2?
1213412
In base 10, what is -2898 + 9?
-2889
In base 16, what is -1f - 83b2?
-83d1
In base 2, what is -110101001 + 1000111?
-101100010
In base 5, what is 312444 - -224?
313223
In base 13, what is -ba - -23?
-97
In base 6, what is 4 - 150231?
-150223
In base 8, what is 3661534 - 2?
3661532
In base 15, what is 0 - -e8c3?
e8c3
In base 7, what is -165 - -401?
203
In base 9, what is -1 + -8603?
-8604
In base 9, what is -1604 - 61?
-1665
In base 3, what is 22012 - 1010011?
-210222
In base 5, what is 34 - -13341?
13430
In base 4, what is 2 - -2132113130?
2132113132
In base 4, what is 33002 - -300?
33302
In base 5, what is 11 + 13144?
13210
In base 14, what is -54488 + 1?
-54487
In base 5, what is -4212 - -110?
-4102
In base 2, what is 100 - -10110011110100111000?
10110011110100111100
In base 8, what is 3375 + 4?
3401
In base 10, what is 16 - 98160?
-98144
In base 6, what is 11443024 + -4?
11443020
In base 11, what is -96a40 - 6?
-96a46
In base 9, what is -4 - 38183?
-38187
In base 13, what is 623 - -1a2?
7c5
In base 3, what is -2 - -111122000?
111121221
In base 5, what is -23 - -1140122?
1140044
In base 4, what is 3210122312 + 1?
3210122313
In base 12, what is -1a3 - -122?
-81
In base 15, what is -5 - -1ea2?
1e9c
In base 5, what is -31 + 1134221?
1134140
In base 9, what is -27431 + 128?
-27302
In base 15, what is -1 - -6d2?
6d1
In base 6, what is -20 - -152344?
152324
In base 12, what is -47 + -12a5b?
-12aa6
In base 6, what is -51325 - 4?
-51333
In base 9, what is -26 + -1051?
-1077
In base 13, what is -1348 - -223?
-1125
In base 12, what is 5 + 58992?
58997
In base 16, what is -496f2 + -5?
-496f7
In base 6, what is -1 - 214311?
-214312
In base 9, what is 4 + -137237?
-137233
In base 9, what is 700245 - 5?
700240
In base 13, what is 14 + ca95?
caa9
In base 8, what is 21265 - -423?
21710
In base 3, what is -121 - 2120220002?
-2120220200
In base 12, what is 110287 + -7?
110280
In base 13, what is -25 - -1011?
cb9
In base 15, what is -246a - 2?
-246c
In base 7, what is -60136 + 102?
-60034
In base 12, what is -1859 + -b2?
-194b
In base 11, what is 40 - -15073?
15103
In base 12, what is -5708 + -43?
-574b
In base 4, what is 32133 + 23011?
121210
In base 3, what is 12101220 + 11?
12102001
In base 11, what is -3610 - 0?
-3610
In base 4, what is -2303300 + 202?
-2303032
In base 12, what is -a - 2086?
-2094
In base 9, what is 5 - 42483?
-42477
In base 16, what is -18 + -156e?
-1586
In base 9, what is -2825 + -2322?
-5247
In base 14, what is 5 + 3d970?
3d975
In base 10, what is -19135 + -3?
-19138
In base 10, what is 8951 - -62?
9013
In base 3, what is -202110201022 - -10?
-202110201012
In base 2, what is 10011000001101101 + -1?
10011000001101100
In base 5, what is -1 + -11124242?
-11124243
In base 8, what is 1727606 + -3?
1727603
In base 4, what is 1023301032 + 12?
1023301110
In base 4, what is 3000 + 1312001?
1321001
In base 12, what is 4 - 17b8?
-17b4
In base 9, what is 1841 + 240?
2181
In base 4, what is -320231332 - 3?
-320232001
In base 15, what is -6b - 54ad?
-5529
In base 10, what is -13 - -6188?
6175
In base 11, what is -5 - 5114?
-5119
In base 16, what is d7e - -f7?
e75
In base 3, what is -1210010101 - 101?
-1210010202
In base 4, what is -212 - -3223?
3011
In base 6, what is 2034423 + -4?
2034415
In base 4, what is -13 - 100111333?
-100112012
In base 12, what is -14 + -16915?
-16929
In base 2, what is 1001011 + -111001?
10010
In base 13, what is 0 + 1836?
1836
In base 8, what is 52525 - -2?
52527
In base 7, what is 2040323 - 1?
2040322
In base 9, what is 5 + -442603?
-442587
In base 13, what is 32 + -18903?
-188a1
In base 15, what is 38a5bc - 3?
38a5b9
In base 9, what is 24 + -46568?
-46544
In base 12, what is 615 + 481?
a96
In base 10, what is 6 - -300575?
300581
In base 9, what is -577 + -1353?
-2041
In base 9, what is 208 + 8666?
8875
In base 7, what is 6 + 5320036?
5320045
In base 8, what is 24412 - 207?
24203
In base 5, what is -313423312 + 4?
-313423303
In base 2, what is 100101001110001 + 10?
100101001110011
In base 6, what is -11432331 - 1?
-11432332
In base 4, what is 0 - -30202123?
30202123
In base 13, what is -113c6 + 0?
-113c6
In base 14, what is -11c02 - -9?
-11bd7
In base 10, what is -184 - -4?
-180
In base 14, what is 9 - 3ac?
-3a3
In base 10, what is 25 + 2?
27
In base 4, what is -3011 + 2122?
-223
In base 11, what is 2 + 6a401?
6a403
In base 14, what is dda17 - 4?
dda13
In base 8, what is 33 - 6337?
-6304
In base 9, what is -4458 + -111?
-4570
In base 4, what is 2323300 - -30?
2323330
In base 5, what is 312 + 10241?
11103
In base 10, what is 5635 + 31?
5666
In base 7, what is 1106 - -554?
1663
In base 9, what is -63571 - -2?
-63568
In base 16, what is -34 - -12c1?
128d
In base 15, what is 65d7 - 26?
65b1
In base 9, what is 30323 - 2?
30321
In base 13, what is -7 - -440?
436
In base 15, what is -221 + -35?
-256
In 